 14. Let r(f) be the first derivative of -5*f**2/2 - 200*f - 200. Let q be r(-40). Calculate m(q).
14
Let q(i) be the second derivative of 2*i**4/3 - i**3/6 - i - 5347. Let w be 1/(1*(-1 + 0)). Give q(w).
9
Let w(z) = 1274*z - 5097. Let r be w(4). Let f(h) = -43*h**2 + h + 3. Give f(r).
-41
Let t(x) = -x**3 - 1370*x**2 - 1351*x**2 + 2733*x**2 + 14*x + 2*x**3 - 4*x - 8. Calculate t(-11).
3
Let f be -5 + -3 + 326 + -3. Suppose -13*y = 32*y + f. Let v(t) = 3*t + 23. Calculate v(y).
2
Let v(b) be the first derivative of b**4/4 + b**3/3 - 15*b**2/2 - 24*b + 6710. What is v(-3)?
3
Let s(u) = 7*u**2 + 4. Let t be s(-2). Let r(j) = 1 - 12*j - 21*j + t*j. Calculate r(-2).
3
Suppose 5*w = -4 + 29. Let b(o) be the first derivative of o**4/4 - 5*o**3/3 - 3*o**2 + 7*o - 1983. Determine b(w).
-23
Let i(s) = -7*s - 9 - 5*s**2 + s**2 + 3*s**2. Let z(a) = -289*a + 4329. Let p be z(15). Determine i(p).
-3
Let w(i) = -i**3 + 156*i - 306*i - 2*i**2 - i**3 + 148*i - 2. Calculate w(-2).
10
Let n be -19 + 25 - (3 - 3/(-3)). Let z(j) = -7*j + 9. Give z(n).
-5
Let b(g) = 3*g**3 - 3*g - 3. Let t = 4736 + -4737. Give b(t).
-3
Suppose -4*r - 5 = 5*b, 2*r - 41 = -51. Let p(f) be the second derivative of -9*f + 0 - 1/2*f**2 - 1/6*f**b. Calculate p(-9).
8
Let b(n) = -n**3 - 3*n - 2. Let a(x) = -4*x**3 - 10*x - 6. Let p(r) = 2*a(r) - 7*b(r). Let w = -3700 + 3702. Determine p(w).
-4
Suppose 4*h - 17 = -5, -l - 5*h = -18. Suppose -17*g - 154 = -l*g. Let n(v) = -2*v - 20. Determine n(g).
2
Let t(u) = -10 + 7*u + 5*u**2 - 25 + u**3 + 43. Give t(-4).
-4
Let k(z) = -2*z**3 - 2*z**2 - 3*z + 7. Let r(g) = -2*g**3 - g**2 - 2*g + 4. Let l(s) = -4*k(s) + 7*r(s). Calculate l(-2).
56
Let h(i) be the second derivative of i**4/4 - 11*i**3/6 - 5*i**2/2 + 2958*i. Determine h(4).
-1
Let p(b) = -3*b**2 - 12*b - 1. Let a(c) = 16*c**2 + 52*c + 12. Let h(q) = -a(q) - 5*p(q). Suppose 13 = 2*i + m, 5 = 2*i + 5*m - 4. What is h(i)?
0
Let g(q) = -4*q**3 + 4*q**2 - 8*q + 7. Let l(s) = 5*s**3 - 8*s**2 + 9*s - 6. Let y(f) = -4*g(f) - 3*l(f). Let c be ((-21)/6)/((-3)/(-6)). Determine y(c).
4
Let x(g) = 7*g**3 + 4*g**2 + 4*g. Let u(r) = -2*r**3 - r + 1. Let q(b) = 5*u(b) + x(b). Let s be q(2). Let j(n) = -2*n**2 - 11*n + 1. Give j(s).
6
Let a(n) = -1 + n**3 - 24*n + 109*n - 30*n - 32*n - 31*n + 9*n**2. Give a(-10).
-21
Let h(w) be the third derivative of -w**4/24 + 4*w**3/3 + 2*w**2. Suppose -219 - 105 = -36*x. Give h(x).
-1
Let w = 369 + -365. Suppose -b = b + 4, w*b = 3*t - 17. Let z(d) = -d**3 + 5*d**2 - 2*d - 3. Determine z(t).
9
Let h(w) = 3*w**2 + 14*w**3 + 155*w - 11*w**3 + 1 - 158*w. Give h(1).
4
Let s(a) = a**2 - a. Let h(l) = l**3 - 2*l**2 + 4*l + 5. Let k(m) = -6*m - 30. Let c be k(-4). Let n(o) = c*s(o) - h(o). Give n(-4).
-13
Let j(y) be the first derivative of y**5/60 - y**4/12 - y**2 - 3*y + 14. Let d(t) be the second derivative of j(t). Determine d(2).
0
Let v(u) = 3*u**2 + 5*u - 2. Let k(x) = 51*x**2 + 13*x - 2. Let r(o) = -k(o) + 2*v(o). What is r(-1)?
-44
Suppose 2*c - 4 = 4*f - 18, 5*c = -4*f + 7. Let z(g) = 119*g - 1 - 42*g + 6*g**2 - 5*g**2 - 32*g - 44*g. What is z(f)?
11
Let o(n) be the second derivative of -n**4/6 + 5*n**3/3 - 11*n**2 - 12356*n. Calculate o(3).
-10
Let g(x) = 3*x**3 + 20*x**2 - 20. Let t(d) = 7*d**3 + 43*d**2 - d - 41. Let w(s) = -9*g(s) + 4*t(s). Give w(8).
-16
Let t = -262 + 341. Let p(c) = -16 - 6*c - 10 + t - 20 + 0*c. Calculate p(6).
-3
Suppose 4*c + 1 - 3 = 2*n, -2*c - 3*n = -5. Let w be 7*c + (1 - 4). Let x(h) = 3414*h - 1135*h - 1144*h - 1141*h. Determine x(w).
-24
Suppose -20 = -3*m - m, 2*m - 290 = 5*v. Let s be 2/(1/(-4)*v/(-42)). Let c(k) = 3*k - 7. Give c(s).
-25
Let g(m) = -m**3 + 7*m**2 + 12*m - 5. Suppose 33*w - 4*w = 298 - 66. Determine g(w).
27
Let j be (-4)/18 + (-80)/(-36). Let n(r) = 16*r**j - 13 - 8*r**2 - 14*r - 9*r**2. Determine n(-13).
0
Let t(b) = b**2 + 6*b + 9. Let a be (0 + 1 - 2)*-119*(-5)/85. Determine t(a).
16
Let l(x) = 106 - x**3 - 28*x**2 + 95 - 27*x - 297 + 97. Give l(-27).
1
Let h(z) = 9*z + 4*z**2 + 2*z**2 + 1 - 5*z**2. Let x(d) = -1148*d - 4600. Let t be x(-4). Calculate h(t).
-7
Suppose 4*p = 3*z + 21, -z + 64 - 71 = -3*p. Let a(h) = h**3 + 15*h**2 + 54*h - 10. What is a(z)?
4
Suppose -7 - 26 = 2*y - 3*a, 29 = -y + 4*a. Let q(u) = -2*u. Let z(n) = -9*n + 3. Let x(s) = 5*q(s) - z(s). Determine x(y).
6
Let p(k) = -3*k**2 - 5*k - 6. Let y(g) = 2*g**2 + 4*g + 5. Let w(c) = -3*p(c) - 4*y(c). Let j be w(2). Let s(f) = j + 3*f - 1 + 6. Give s(5).
20
Let a(t) be the first derivative of -5*t**2/2 + 6*t - 989. Give a(7).
-29
Let d(w) be the first derivative of w**4/12 + 5*w**3/6 - 7*w**2/2 + 5*w + 29. Let m(o) be the first derivative of d(o). Let n = 16 + -21. Determine m(n).
-7
Let h(d) = 177*d - 11. Let f(m) = -93*m. Let w(n) = -2*f(n) - h(n). What is w(-2)?
-7
Let b(t) be the first derivative of 5*t**3/3 + t**2 + 2*t + 1. Let y = 193636 + -193639. Determine b(y).
41
Suppose 0 = 2*l + 100*l + 408. Let i(x) = -x**2 + 1. Let z(n) = 3*n**2 - 5*n - 9. Let w(r) = -4*i(r) - z(r). Calculate w(l).
1
Let q(u) = u**2 - 6*u - 7. Let l(y) = 3*y**2 - 12*y - 15. Let s(b) = 2*l(b) - 5*q(b). Let m be s(-6). Let w(d) = -2 + d**2 + m*d - 4 + 10. What is w(-5)?
4
Let v(r) be the third derivative of 0*r**3 + 0 + 146*r**2 - r + 1/60*r**5 - 7/12*r**4. What is v(13)?
-13
Let y(d) be the first derivative of 2*d**2 + 22*d + 30. Let r be y(-3). Let c(t) = 8 + r - 20 - 5*t. Give c(-4).
18
Let a(w) = 3*w - 84. Let c be (-60)/(-90) - (-4 - 1/(3/(-14))). Give a(c).
-84
Let u(b) = -4*b - b**2 - 3*b + 3 + 5*b. Let g be 3*2/48 - (-93)/24. Suppose g*y + 19 = -5. Calculate u(y).
-21
Let s(z) = -4*z - 99849 + 37*z**3 + 99842 - 38*z**3 + 7*z**2. Suppose 5*j - 30 = -5*t, -4*j - j = 0. Determine s(t).
5
Let o(h) = 19*h + 1. Let f(w) = -18*w - 2. Let b(x) = -5*f(x) - 4*o(x). Let y(q) = -6*q - 3. Let v(p) = 6*b(p) + 15*y(p). What is v(-4)?
15
Let f(w) be the second derivative of 5*w**2 - 2*w - 1/6*w**3 + 0. Suppose -141 = 20*x - 301. What is f(x)?
2
Let a(b) be the first derivative of b**5/60 + 5*b**4/24 + 3*b**2 + 37. Let p(h) be the second derivative of a(h). Let x = 3 - 7. Determine p(x).
-4
Let w(l) = -l**2 - 8*l + 5. Let o = -14 - -16. Suppose -f - o*f = -2*h - 74, 117 = 4*f + h. Let a = f - 36. Determine w(a).
5
Let w(s) = -4*s**3 - 33*s**2 - 91*s + 71. Let u(l) = -3*l**3 - 32*l**2 - 63*l + 72. Let p(j) = -5*u(j) + 4*w(j). What is p(26)?
2
Let k(w) = -w**2 - 7*w - 3. Suppose -2*h = 5*o - 129, 90 = 4*o - 5*h - 0*h. Let r be 5969/(-1175) + 2/o. Calculate k(r).
7
Let x(b) = -b - 6. Let m(q) = -11*q**2 - 10*q**2 + 44*q**2 + 2*q - 15*q**2. Let g be m(-1). Give x(g).
-12
Let s(x) = -4*x - 169. Suppose -8*r = 141 + 219. Let q be s(r). Let l(k) = k**2 - 9*k - 17. Determine l(q).
5
Suppose o + 31 = 3*q, 12 = -o + q - 13. Let r = o - -24. Let y(d) = -d**2 + 3 + 2*d + d**3 - 2 - 3*d. Calculate y(r).
3
Let y(u) = 437*u + 890. Let b be y(-2). Let r(o) = o**3 - 15*o**2 - 15*o - 16. Calculate r(b).
0
Suppose 2*q - 18 = 5*q. Let j(m) = 6 - 25*m**2 + 141*m**3 - 140*m**3 - 4 - 2*m + 32*m**2 + m. Calculate j(q).
44
Suppose -16 = 79*f - 71*f. Let k(i) be the third derivative of i**4/24 + i**3/6 - i**2. What is k(f)?
-1
Suppose -3*k = 4 + 5. Let y(i) be the third derivative of -13*i**4/24 + 2*i**3/3 - 28*i**2 + 59*i - 4. Give y(k).
43
Let u = 12442 - 12438. Let v(r) be the third derivative of 0*r - 1/24*r**u - 1/6*r**3 + 0 - 17*r**2. Give v(3).
-4
Suppose 2*f = 6*f + 4. Let u(x) be the third derivative of x**7/210 + x**6/360 + 9*x**3/2 - 3*x**2 - 6*x. Let c(b) be the first derivative of u(b). Give c(f).
-3
Let o(p) = p. Let s(j) = -j**3 - 11*j**2 - 2*j + 1. Let f(x) = x - 2. Let b be f(-1). Let g(v) = b*o(v) - s(v). Calculate g(-11).
10
Let w be (1/(-6) + 455/273)*(2 + 0). Let u(h) be the third derivative of -3/8*h**4 + 27*h**2 + 0*h + 0 + 1/60*h**5 + 1/2*h**w. What is u(9)?
3
Let n(z) = -9*z**3 + 36*z**2 - 64*z + 90. Let g(f) = -2*f**3 + 7*f**2 - 13*f + 19. Let s(l) = -14*g(l) + 3*n(l). Let t be -3 + 2 + 10*-1. Calculate s(t).
-7
Let z(k) = -17 + 32 - 23 - 7*k + 2*k**2 + k**2. Let o(h) = -4*h**2 + 6*h + 10. Let d(q) = -4*o(q) - 5*z(q). Determine d(-12).
12
Let g(l) = l + 18. Let p(t) = -t - 22. Let o(f) = -5*g(f) - 4*p(f). Let b(j) = j**2 - 2*j - 2. Let i be b(-2). Suppose -8*k + i*